6309 and 1081.
47
What is the highest common factor of 246 and 147928?
82
What is the highest common divisor of 11020 and 570?
190
What is the highest common divisor of 1120639 and 234?
13
What is the highest common factor of 4246468 and 4?
4
Calculate the greatest common factor of 112 and 22267.
7
What is the greatest common factor of 126 and 176974?
14
Calculate the greatest common divisor of 235 and 2646335.
235
Calculate the greatest common factor of 7524 and 8721.
171
What is the highest common factor of 39 and 23673?
39
Calculate the highest common divisor of 1008786 and 1368.
114
Calculate the highest common divisor of 63 and 419958.
63
What is the greatest common factor of 3395 and 418943?
679
What is the greatest common factor of 18 and 48066?
6
What is the greatest common divisor of 424 and 4050896?
424
Calculate the highest common factor of 1501 and 1659.
79
What is the greatest common factor of 86 and 207518?
86
Calculate the greatest common factor of 2208 and 75141.
69
Calculate the highest common divisor of 198 and 49401.
99
Calculate the highest common factor of 838 and 10671930.
838
What is the highest common divisor of 793 and 4819?
61
What is the greatest common factor of 104 and 156752?
8
Calculate the highest common factor of 2200 and 287540.
220
Calculate the highest common divisor of 351 and 128219.
13
What is the highest common divisor of 602 and 8953245?
301
What is the highest common factor of 647 and 218039?
647
What is the highest common divisor of 938 and 2394?
14
Calculate the highest common factor of 352 and 20152.
88
What is the highest common factor of 3654 and 171?
9
What is the greatest common factor of 14 and 132874?
14
Calculate the greatest common factor of 3415873 and 503.
503
Calculate the greatest common factor of 45682 and 8099.
91
Calculate the greatest common factor of 450440 and 1280.
40
What is the highest common factor of 6109 and 1107?
41
What is the greatest common factor of 494 and 55898?
38
Calculate the greatest common divisor of 260 and 290.
10
Calculate the greatest common factor of 480 and 135.
15
Calculate the greatest common divisor of 291225 and 22.
11
Calculate the highest common divisor of 2640 and 111045.
165
Calculate the highest common factor of 1957 and 323.
19
Calculate the greatest common divisor of 123242 and 126.
14
Calculate the highest common divisor of 689 and 1452412.
689
What is the highest common divisor of 461342 and 1085?
217
What is the highest common factor of 7587828 and 12?
12
What is the highest common factor of 97664 and 91?
7
Calculate the highest common divisor of 216714 and 1216.
38
What is the greatest common factor of 12285 and 975?
195
Calculate the greatest common divisor of 77 and 1045.
11
What is the greatest common divisor of 209 and 14003?
209
What is the highest common divisor of 127272 and 1536?
24
What is the greatest common factor of 253 and 8234?
23
Calculate the highest common factor of 1589 and 7063.
7
Calculate the highest common divisor of 225 and 425781.
9
What is the highest common divisor of 42 and 448?
14
Calculate the greatest common factor of 17 and 88553.
17
Calculate the greatest common divisor of 12688 and 192.
16
Calculate the greatest common divisor of 200161 and 2759.
89
What is the greatest common divisor of 4411 and 1925?
11
Calculate the highest common factor of 18 and 4582.
2
What is the greatest common divisor of 1035 and 2592?
9
Calculate the highest common divisor of 6392 and 2384.
8
Calculate the greatest common divisor of 452034 and 1350.
54
Calculate the greatest common factor of 126 and 270249.
21
What is the greatest common divisor of 39 and 3667404?
39
Calculate the highest common factor of 26568 and 39528.
648
Calculate the highest common divisor of 41050 and 70.
10
Calculate the greatest common divisor of 29187 and 189081.
1269
Calculate the highest common factor of 624954 and 6732.
1122
Calculate the highest common factor of 63867 and 1647.
183
Calculate the greatest common divisor of 11575 and 75.
25
Calculate the greatest common factor of 70231 and 45346.
553
Calculate the greatest common divisor of 74748 and 36.
12
Calculate the highest common factor of 90 and 36513.
9
What is the greatest common factor of 111069 and 30258?
369
Calculate the greatest common factor of 66 and 71973.
33
Calculate the greatest common divisor of 1110 and 1360.
10
What is the highest common factor of 8379 and 5301?
171
What is the greatest common factor of 1540 and 2718716?
308
Calculate the greatest common factor of 58755 and 450.
15
What is the greatest common divisor of 14658 and 5712?
42
Calculate the highest common divisor of 79475 and 2200.
275
What is the highest common factor of 172861 and 39?
13
Calculate the highest common factor of 99 and 2396064.
33
Calculate the highest common factor of 111432 and 72.
24
What is the highest common factor of 370 and 502460?
370
What is the greatest common factor of 71991 and 74517?
1263
What is the greatest common divisor of 620 and 2254475?
155
Calculate the greatest common divisor of 600 and 13300.
100
Calculate the highest common factor of 5586 and 47775.
147
Calculate the greatest common factor of 40 and 1179380.
20
Calculate the highest common factor of 11 and 8607203.
11
Calculate the highest common divisor of 2160 and 587952.
432
Calculate the greatest common factor of 18351840 and 1020.
1020
What is the highest common factor of 600 and 96?
24
Calculate the highest common divisor of 355743 and 141.
141
What is the greatest common factor of 416700 and 2100?
300
Calculate the greatest common factor of 50008 and 146076.
1316
Calculate the greatest common factor of 208 and 1424.
16
Calculate the greatest common factor of 306888 and 152.
152
What is the greatest common divisor of 12 and 462?
6
What is the highest common divisor of 1292 and 187?
17
What is the highest common divisor of 11 and 650573?
11
What is the highest common divisor of 155 and 34220?
5
What is the highest common divisor of 356 and 12?
4
Calculate the greatest common divisor of 22050 and 950.
50
Calculate the highest common divisor of 5483 and 3.
1
What is the greatest common divisor of 9747 and 459?
27
Calculate the greatest common factor of 192 and 2136.
24
Calculate the greatest common factor of 21533 and 793.
61
Calculate the highest common divisor of 221 and 50609.
221
Calculate the greatest common divisor of 32 and 30784.
32
What is the greatest common divisor of 1690 and 640?
10
What is the greatest common factor of 68310 and 54?
54
What is the highest common factor of 40 and 428984?
8
Calculate the greatest common divisor of 14357 and 49.
49
What is the greatest common factor of 15002 and 98?
2
Calculate the greatest common divisor of 15264486 and 342.
342
Calculate the greatest common factor of 99756 and 5814.
306
What is the greatest common divisor of 113 and 104977?
113
Calculate the greatest common divisor of 655 and 295.
5
What is the greatest common divisor of 6968 and 1066?
26
Calculate the greatest common divisor of 84720 and 480.
240
What is the greatest common factor of 632887 and 6152?
769
What is the greatest common divisor of 1620 and 5913?
81
What is the greatest common factor of 1600 and 2840?
40
What is the greatest common factor of 43462 and 682?
62
What is the highest common factor of 20650 and 1100?
50
Calculate the highest common factor of 1414 and 994.
14
Calculate the greatest common factor of 32 and 117272.
8
What is the greatest common factor of 4077 and 87429?
453
Calculate the highest common divisor of 224 and 21600.
32
What is the greatest common divisor of 819 and 1521?
117
What is the greatest common divisor of 182 and 66820?
26
Calculate the greatest common factor of 4197709 and 157.
157
What is the highest common divisor of 18812 and 1868?
4
Calculate the greatest common divisor of 792 and 137346.
66
What is the highest common factor of 82484 and 14?
2
What is the greatest common factor of 10285 and 459?
17
Calculate the greatest common factor of 229152 and 6468.
924
Calculate the highest common factor of 10 and 23140.
10
What is the highest common factor of 786123 and 1053?
117
What is the highest common divisor of 19572 and 36?
12
What is the highest common factor of 11 and 